{"id":492,"date":"2026-05-04T11:15:41","date_gmt":"2026-05-04T09:15:41","guid":{"rendered":"https:\/\/alvincr.cz\/katalogy\/?page_id=492"},"modified":"2026-05-04T12:07:05","modified_gmt":"2026-05-04T10:07:05","slug":"eshop-new","status":"publish","type":"page","link":"https:\/\/alvincr.cz\/katalog\/eshop-new\/","title":{"rendered":"EShop NEW"},"content":{"rendered":"<p>Spustili jsme nov\u00fd eshop, pokud byste zaznamenali probl\u00e9my s odesl\u00e1n\u00edm, pros\u00edm kontaktujte n\u00e1s s probl\u00e9mem pomoc\u00ed emailu : alvincr@volny.cz. D\u011bkujeme za pochopen\u00ed. <\/p>\n<div class=\"ae-wrap\">\n  <div class=\"ae-login-wrap\">\n    <div class=\"ae-login-card\">\n      <div class=\"ae-login-logo\">ALVIN<span>CR<\/span><\/div>\n      <h2>P\u0159ihl\u00e1sit se do eshopu<\/h2>\n      <form id=\"ae-login-form\" autocomplete=\"on\">\n        <div class=\"ae-field\">\n          <label for=\"ae-email\">E-mail \/ Login<\/label>\n          <input type=\"text\" id=\"ae-email\" name=\"email\" placeholder=\"e-mail nebo login\" required autocomplete=\"username\">\n        <\/div>\n        <div class=\"ae-field\">\n          <label for=\"ae-pass\">Heslo<\/label>\n          <input type=\"password\" id=\"ae-pass\" name=\"pass\" placeholder=\"\u2022\u2022\u2022\u2022\u2022\u2022\u2022\u2022\" required autocomplete=\"current-password\">\n        <\/div>\n        <button type=\"submit\" class=\"ae-btn-primary\">P\u0159ihl\u00e1sit se<\/button>\n        <div class=\"ae-error\" id=\"ae-login-error\"><\/div>\n      <\/form>\n    <\/div>\n  <\/div>\n<\/div>\n\n","protected":false},"excerpt":{"rendered":"<p>Spustili jsme nov\u00fd eshop, pokud byste zaznamenali probl\u00e9my s odesl\u00e1n\u00edm, pros\u00edm kontaktujte n\u00e1s s probl\u00e9mem pomoc\u00ed emailu : alvincr@volny.cz. D\u011bkujeme za pochopen\u00ed.<\/p>\n","protected":false},"author":1,"featured_media":0,"parent":0,"menu_order":0,"comment_status":"closed","ping_status":"closed","template":"","meta":[],"_links":{"self":[{"href":"https:\/\/alvincr.cz\/katalog\/wp-json\/wp\/v2\/pages\/492"}],"collection":[{"href":"https:\/\/alvincr.cz\/katalog\/wp-json\/wp\/v2\/pages"}],"about":[{"href":"https:\/\/alvincr.cz\/katalog\/wp-json\/wp\/v2\/types\/page"}],"author":[{"embeddable":true,"href":"https:\/\/alvincr.cz\/katalog\/wp-json\/wp\/v2\/users\/1"}],"replies":[{"embeddable":true,"href":"https:\/\/alvincr.cz\/katalog\/wp-json\/wp\/v2\/comments?post=492"}],"version-history":[{"count":3,"href":"https:\/\/alvincr.cz\/katalog\/wp-json\/wp\/v2\/pages\/492\/revisions"}],"predecessor-version":[{"id":496,"href":"https:\/\/alvincr.cz\/katalog\/wp-json\/wp\/v2\/pages\/492\/revisions\/496"}],"wp:attachment":[{"href":"https:\/\/alvincr.cz\/katalog\/wp-json\/wp\/v2\/media?parent=492"}],"curies":[{"name":"wp","href":"https:\/\/api.w.org\/{rel}","templated":true}]}}